s divided by 77?
4
What is the remainder when 2787754 is divided by 97?
71
Calculate the remainder when 20569217 is divided by 196.
193
Calculate the remainder when 823349 is divided by 330.
329
What is the remainder when 574750 is divided by 4635?
10
What is the remainder when 774688 is divided by 541?
517
What is the remainder when 896954 is divided by 906?
14
Calculate the remainder when 741887 is divided by 185460.
47
What is the remainder when 3302822 is divided by 1170?
1082
Calculate the remainder when 5491076 is divided by 166.
128
Calculate the remainder when 20612091 is divided by 49.
45
Calculate the remainder when 27371220 is divided by 258.
0
Calculate the remainder when 1129372 is divided by 23527.
76
Calculate the remainder when 58713 is divided by 2273.
1888
Calculate the remainder when 15440539 is divided by 358.
357
What is the remainder when 3038110 is divided by 1232?
1230
Calculate the remainder when 3505962 is divided by 584.
210
What is the remainder when 5815114 is divided by 2327?
2268
What is the remainder when 806934 is divided by 201691?
170
What is the remainder when 1243112 is divided by 663?
650
What is the remainder when 15670719 is divided by 1040?
1039
What is the remainder when 14747551 is divided by 176?
159
What is the remainder when 56166142 is divided by 768?
766
What is the remainder when 8409200 is divided by 815?
30
Calculate the remainder when 586733739 is divided by 268.
267
Calculate the remainder when 2680 is divided by 10.
0
Calculate the remainder when 322242 is divided by 160983.
276
Calculate the remainder when 10499648 is divided by 1146.
1142
What is the remainder when 204882 is divided by 14039?
8336
What is the remainder when 76631 is divided by 1277?
11
What is the remainder when 592704 is divided by 290206?
12292
What is the remainder when 2163281 is divided by 2119?
1901
Calculate the remainder when 337906 is divided by 1035.
496
What is the remainder when 26254 is divided by 2170?
214
What is the remainder when 1577150 is divided by 964?
46
What is the remainder when 137536 is divided by 34371?
52
Calculate the remainder when 2995778 is divided by 499296.
2
What is the remainder when 987432 is divided by 987382?
50
Calculate the remainder when 16908 is divided by 780.
528
What is the remainder when 10578250 is divided by 1379?
1320
What is the remainder when 1662966 is divided by 2127?
1779
What is the remainder when 23109095 is divided by 11554545?
5
Calculate the remainder when 39059179 is divided by 6509863.
1
What is the remainder when 18876034 is divided by 19222?
30
Calculate the remainder when 5933019 is divided by 44.
15
Calculate the remainder when 1129239 is divided by 712.
7
Calculate the remainder when 112018050 is divided by 37339341.
27
Calculate the remainder when 43167077 is divided by 232.
229
Calculate the remainder when 294936 is divided by 4905.
636
What is the remainder when 1495045 is divided by 2943?
1
What is the remainder when 321334 is divided by 110?
24
Calculate the remainder when 18303193 is divided by 374.
7
Calculate the remainder when 32809530 is divided by 28.
26
What is the remainder when 5716435 is divided by 211718?
49
Calculate the remainder when 1346638 is divided by 103583.
59
Calculate the remainder when 1084191 is divided by 271001.
187
Calculate the remainder when 19257916 is divided by 466.
0
Calculate the remainder when 756175 is divided by 189024.
79
Calculate the remainder when 175954 is divided by 29308.
106
What is the remainder when 281367 is divided by 128?
23
What is the remainder when 633658 is divided by 3932?
606
What is the remainder when 17411616 is divided by 2206?
1864
Calculate the remainder when 235355 is divided by 4845.
2795
What is the remainder when 4631453 is divided by 7890?
23
What is the remainder when 4900423 is divided by 163?
154
Calculate the remainder when 50309 is divided by 5004.
269
What is the remainder when 67558 is divided by 21704?
2446
What is the remainder when 520848 is divided by 65106?
0
Calculate the remainder when 11687495 is divided by 337.
335
What is the remainder when 84404 is divided by 1312?
436
Calculate the remainder when 42891 is divided by 542.
73
Calculate the remainder when 274369 is divided by 622.
67
What is the remainder when 5303573 is divided by 80357?
11
What is the remainder when 559109 is divided by 279552?
5
What is the remainder when 8039857 is divided by 1972?
13
Calculate the remainder when 2343546 is divided by 117177.
6
Calculate the remainder when 63582560 is divided by 73.
71
Calculate the remainder when 1980700 is divided by 376.
308
What is the remainder when 16607520 is divided by 3321504?
0
Calculate the remainder when 1974218 is divided by 9404.
8782
What is the remainder when 1610443 is divided by 84?
79
Calculate the remainder when 9045076 is divided by 48112.
20
What is the remainder when 1436922 is divided by 89806?
26
Calculate the remainder when 5233747 is divided by 125.
122
Calculate the remainder when 120821 is divided by 227.
57
What is the remainder when 3524962 is divided by 881240?
2
Calculate the remainder when 15712 is divided by 15614.
98
Calculate the remainder when 8204525 is divided by 911609.
44
Calculate the remainder when 1761368 is divided by 466.
354
Calculate the remainder when 86799 is divided by 8208.
4719
What is the remainder when 16144298 is divided by 5567?
5565
What is the remainder when 16943 is divided by 8210?
523
What is the remainder when 59347 is divided by 9794?
583
Calculate the remainder when 1827735 is divided by 8711.
7136
What is the remainder when 101508 is divided by 50586?
336
What is the remainder when 81683 is divided by 5100?
83
What is the remainder when 23645621 is divided by 5642?
5641
What is the remainder when 90203 is divided by 191?
51
Calculate the remainder when 42617 is divided by 1886.
1125
What is the remainder when 300839 is divided by 551?
544
What is the remainder when 2715671 is divided by 6062?
5957
What is the remainder when 5982092 is divided by 621?
620
Calculate the remainder when 140710 is divided by 35102.
302
What is the remainder when 221050 is divided by 3071?
3009
Calculate the remainder when 27095739 is divided by 9.
6
What is the remainder when 93489427 is divided by 22533?
10
What is the remainder when 33912 is divided by 791?
690
What is the remainder when 653809 is divided by 18?
13
Calculate the remainder when 614507 is divided by 204108.
2183
What is the remainder when 3559075 is divided by 23570?
5
What is the remainder when 218311 is divided by 299?
41
Calculate the remainder when 11353469 is divided by 4.
1
Calculate the remainder when 5722 is divided by 1921.
1880
What is the remainder when 163561489 is divided by 23365927?
0
Calculate the remainder when 97060545 is divided by 407.
406
What is the remainder when 976066209 is divided by 5327?
5326
Calculate the remainder when 340755 is divided by 725.
5
Calculate the remainder when 1051717 is divided by 12984.
13
What is the remainder when 30711 is divided by 10123?
342
What is the remainder when 1222603 is divided by 101?
99
Calculate the remainder when 24316499 is divided by 215.
214
Calculate the remainder when 47177 is divided by 372.
305
Calculate the remainder when 930285 is divided by 32.
13
Calculate the remainder when 1637240 is divided by 2237.
1993
Calculate the remainder when 35365 is divided by 216.
157
What is the remainder when 204252126 is divided by 5106303?
6
What is the remainder when 172527 is divided by 3594?
15
What is the remainder when 369024 is divided by 4154?
3472
What is the remainder when 1541560 is divided by 395?
270
What is the remainder when 2715787 is divided by 939?
199
What is the remainder when 104377 is divided by 3046?
813
Calculate the remainder when 601043 is divided by 1902.
11
What is the remainder when 9994770 is divided by 53?
30
Calculate the remainder when 1148877 is divided by 95.
42
What is the remainder when 296025157 is divided by 255?
247
Calculate the remainder when 874521 is divided by 1027.
544
Calculate the remainder when 173533 is divided by 2589.
70
What is the remainder when 704928 is divided by 379?
367
Calculate the remainder when 1700443 is divided by 137.
136
What is